181
What are the prime factors of (-14)/(-3)*29034*27/324?
7, 1613
Suppose s + 14*t - 13*t - 36066 = 0, -4*s - t + 144270 = 0. What are the prime factors of s/28 + 16/(-14)?
3, 11, 13
Let c = -707 + 1817. Suppose 18*w = 20*w - c. List the prime factors of w.
3, 5, 37
Let z = 8 + -11. What are the prime factors of (-11355)/(-35) - z/(42/8)?
5, 13
Suppose -3*b = -2*i + 3*i - 1905, -5*i = -15. Suppose -a + b = 5*w, 3*a + 5*w - 3*w = 1876. What are the prime factors of a?
2, 3, 13
Suppose 0 = -5*o - g + 22, g + 6 = 2*o - 0. Suppose -o*i = 5*k - 1452, -719 - 749 = -5*k + 4*i. List the prime factors of k.
2, 73
Let f be 6*1*((-9)/(-3) - 2). Suppose 4*k + l - 13 = 0, -f*k = -2*k - 5*l - 7. What are the prime factors of k?
3
Let c(s) = 22*s - 2. Let p be c(7). Suppose 308 + p = 5*v. Let u = v - 88. List the prime factors of u.
2
Suppose 3*g = 7*g. Suppose 3*z + 2*z = -2*c - 31, -3*c - 19 = 2*z. List the prime factors of 1 + g - 3/(c/77).
2, 3, 13
Suppose 2*p - 161 = 5*r, -20*r + 17*r - 99 = -2*p. What are the prime factors of 1/(-2)*8804/r?
2, 71
Let r(b) = -2*b**2 - b + 3. Let v be r(1). Let d(h) = 0*h + h + 46 + 79. What are the prime factors of d(v)?
5
Suppose 2*n - 24 = -n. Suppose n*h - 12*h = -12. Suppose -62 = h*u - 4*u - 5*t, 3*u - t = 122. List the prime factors of u.
2, 3, 7
Let s = 46816 + -32645. What are the prime factors of s?
37, 383
Let f be 36/10*(1 + 17 + -3). Let p be (2 + f)*18/21. Let g = -39 + p. What are the prime factors of g?
3
List the prime factors of (5 - 360/75)*-5*(-1 - 39422).
3, 17, 773
Let i be (-6)/(-12) - (-183)/2. Let p = 438 - i. List the prime factors of (-1)/(4 - p/86).
43
Suppose -12*o - 620 = -32*o. Suppose 5*h - 1775 = -4*u, 0 = -o*u + 33*u + h - 895. What are the prime factors of u?
2, 3, 5
Suppose -2*x - 4*u = -6*x + 12, -2*x - 5*u + 20 = 0. Suppose -1343 = -f - x*q, -2*q = -f - 4*q + 1346. List the prime factors of f.
2, 337
Let v(l) = -12*l - 6. Let x be v(-10). Let a be -46*(-1)/(-4)*6. Let t = x - a. List the prime factors of t.
3, 61
Suppose -u = u + 32. Let y be 3*(u/(-6))/4. Suppose 0 = -3*k + 4*r + 72, -r = -k + y*r + 24. What are the prime factors of k?
2, 3
List the prime factors of 6/27 - 3712137/(-297).
29, 431
Suppose 2 = 2*w, 19 = 4*q - w - 4. Suppose q*g - 289 = 245. What are the prime factors of g?
89
Suppose -6*n - 266 = n. Let r = n - -81. Suppose -y + 55 - r = 0. List the prime factors of y.
2, 3
What are the prime factors of (131/(-7)*-2)/((-4)/(14*-202))?
2, 101, 131
Let p(x) = -13*x**2 + 7*x - 12. Let g(h) = -28*h**2 + 15*h - 25. Let q(s) = 6*g(s) - 13*p(s). List the prime factors of q(7).
2, 3
Let r(a) = -a**3 + 15*a**2 + 26*a + 12. Suppose -p + 8 + 11 = -3*o, 5*o + 69 = 4*p. List the prime factors of r(p).
2, 43
List the prime factors of (-9662 + 1 + 2)/(-1).
13, 743
Let d = 272 + -268. Suppose c = -d*u + 3790, -6*u - 3*c = -3*u - 2847. List the prime factors of u.
947
Suppose -19*y + 1066 = -27491. What are the prime factors of y?
3, 167
Let n(s) = -s**3 - s**2 - 4*s - 10. Suppose 3*r - 2*q + 2 = -q, 2*r - 3*q = -6. Let h be n(r). Let i(u) = 3*u**2 + 5*u - 7. What are the prime factors of i(h)?
3
Suppose -29*q + 28*q + 8 = 0. Let y be 17/(-68) - 142/q. Let k = -2 - y. List the prime factors of k.
2
Let g(k) be the second derivative of k**5/20 - 7*k**4/6 + 13*k**3/6 + k**2 - 9*k. Let y be g(13). Suppose -5*j - y*j = -693. List the prime factors of j.
3, 11
Let c be 5/(-2)*66*(23 + -13). Let a = 2401 + c. What are the prime factors of a?
751
Suppose -2*d + 16 = -3*m - 77, 0 = d + 3*m - 42. Let k = -40 + d. Suppose -131 - 69 = -k*h. List the prime factors of h.
2, 5
Let v = 67890 - 48312. What are the prime factors of v?
2, 3, 13, 251
Let p(r) be the first derivative of 97*r**2/2 + 5*r + 8. Let v be p(5). Let y = v - 288. What are the prime factors of y?
2, 101
Suppose -2*q + 60 = -4*j, -3*q + 58 = -j - 27. Suppose -q*n - 7152 = -34*n. List the prime factors of n.
2, 149
Suppose -3*v = 4*g - 18427, -161*v = -160*v + 2*g - 6139. What are the prime factors of v?
11, 13, 43
Let b(r) = 124*r**2 - 54*r - 578. List the prime factors of b(-14).
2, 12241
Suppose -1125*b + 1126*b = 28. Let o(n) = n**3 - 25*n**2 - 36*n - 23. List the prime factors of o(b).
1321
Let k be 3 + -8 - (1/1 + -334). Suppose 5*c = -25, -2*l - 3*c + 23 = -4*c. Suppose -l*m + k = -5*m. What are the prime factors of m?
2, 41
Suppose 0 = -3*d - k + 34, -k - 4 = -8. Let u be (-379)/(-6) - d/60. What are the prime factors of (-3 - 30/(-14))/((-1)/u)?
2, 3
Let l = 5188 + 2586. List the prime factors of l.
2, 13, 23
Let i(g) = 2*g**3 - 15*g**2 + 9*g - 9. Let r be i(13). Let m = r - 1279. What are the prime factors of m?
2, 43
Suppose -v + 3*a - 5*a + 6 = 0, 4 = -4*a. What are the prime factors of 175 - ((-16)/6)/(v/12)?
179
List the prime factors of -7 - (4 - 17) - -1*55*127.
6991
Suppose 0 = -5*c - 5, -3*d - c + 29 = -6*c. Let r = 13 - d. Suppose 5*p + r = 0, -p + 427 = 3*u + p. List the prime factors of u.
11, 13
Let t be 18/4 + 15/10 + -2. Suppose -x = -4*n + t*x + 1588, x + 800 = 2*n. Suppose 2*q - n = -q. List the prime factors of q.
2, 67
Suppose -4*p + 150 = -210. Let j = -49 + p. Suppose -j - 39 = -z. List the prime factors of z.
2, 5
Let q be (2 + -2)/(4 - 1) + -2. What are the prime factors of ((-131)/(-3))/(q + (-100)/(-48))?
2, 131
Suppose -4*y + 5*z + 7006 = -47674, -3*z - 27338 = -2*y. List the prime factors of y.
5, 547
Let p = 149 - 144. Suppose 0 = -0*i - 2*i + 4*z + 560, p*z = i - 274. What are the prime factors of i?
2, 71
Suppose 11*f + 1169413 + 2187171 = 165*f. List the prime factors of f.
2, 5449
Let d be ((-9289)/(-14) + 5)*-2. List the prime factors of (2 + 0)/(1 + d/1351).
193
Suppose 0*s = -2*s + 2*j - 74, -4*s - 146 = -2*j. Let f = -36 - s. Suppose f = 5*h - 10 - 45. List the prime factors of h.
11
Let b = -76983 + 109197. What are the prime factors of b?
2, 3, 7, 13, 59
Suppose 2*s + 5*k = -12 - 4, 4*s = -5*k - 12. Suppose -5*a = -5*n + 3 + 7, 3*a = s*n - 2. List the prime factors of 11 + (-4)/n - (0 + -1).
11
Let m be 3/(12/32 + 0) + -3. Suppose -2*r - y + 32 = 0, -4*y + 76 = 4*r - m*y. What are the prime factors of -22*r/8*(1 - 3)?
3, 11
Let y(b) = -b**2 + 10*b - 55. Let v be y(16). Let x = v - -77. What are the prime factors of (-3 + x + -2)*-2?
2, 79
Suppose -i + 910 = -5*d - 2379, 2*d = -i + 3282. List the prime factors of i.
2, 821
Suppose -727 - 23021 = -4*m - 5*n, -m + 5937 = -3*n. List the prime factors of m.
3, 1979
Let c(p) be the third derivative of 7*p**5/20 - 19*p**4/24 - 21*p**3/2 - 6*p**2 - 2. What are the prime factors of c(-4)?
349
Suppose 153 = -9*v + 6*v. Let n be (-3 - v/18) + 7/6. List the prime factors of (-30)/5 + n*2 + 81.
7, 11
Suppose -4*w + 65 = w. Let k(l) = -2*l**3 - 3*l**2 - 10*l - 13. Let f be k(-2). Let x = w + f. List the prime factors of x.
2, 3
Let a = 2 - 0. Let w(q) = q**2 + q - 59. Let b be w(-15). Suppose 2*f - b = 5*s, -a*f - s + 5*s + 150 = 0. What are the prime factors of f?
73
Suppose -4*z + 2*w + 112 = 28, 0 = -3*z - 5*w + 50. List the prime factors of (8491 - -4)*4/z.
1699
Suppose -6 = -2*y, 4*n - 48206 = 5*y - 3*y. List the prime factors of n.
17, 709
Let p be -1*1 - (11 + -15). Suppose -79 = p*z + 86. List the prime factors of 1*1*-1*(-119 - z).
2
Let x = -73588 - -105020. What are the prime factors of x?
2, 3929
Let w = -335 + 1854. Suppose 12*c - w = 5729. What are the prime factors of c?
2, 151
Suppose -2*w = -4*i + 292, -w - 6*i + i = 174. Let f = 260 + w. What are the prime factors of f?
2, 53
Let u = -148 + 7384. What are the prime factors of u?
2, 3, 67
Suppose 3*c - 5*y - 106971 = 0, -244 = -4*y - 268. List the prime factors of c.
43, 829
Let l be 20/(-12)*18/(-15). Let d(q) = -32*q + 1. Let r be d(-4). Suppose -71 - r = -l*z. List the prime factors of z.
2, 5
Suppose -7*d = -18 + 11. Let y be d/(-2) + (-885)/(-30). Let u = 18 + y. What are the prime factors of u?
47
Suppose 4*g = 3*l - 18 - 2, 5*g + 25 = 0. List the prime factors of (6 + -7)/((l + -3)/1497).
499
Let x(o) = 18*o**2 + 1938*o + 165. List the prime factors of x(-120).
3, 5, 1787
Let m(f) be the second derivative of -5*f**3/2 + 3*f**2 - 15*f. Let i be m(10). Let c = i - -252. List the prime factors of c.
2, 3
Let w(z) = z + 90. Let b be w(21). Suppose c + 3*j - 96 = b, -5*j - 1